multiple of 10?
True
Is 12 a factor of 876?
True
Is 14869 a multiple of 8?
False
Does 4 divide 280?
True
Is 150 a factor of 22050?
True
Is 40 a factor of 3280?
True
Is 14 a factor of 3546?
False
Does 14 divide 1625?
False
Is 34 a factor of 4386?
True
Does 138 divide 28158?
False
Does 220 divide 18036?
False
Is 233 a multiple of 98?
False
Is 991 a multiple of 7?
False
Is 12 a factor of 3214?
False
Is 335 a multiple of 24?
False
Is 5439 a multiple of 21?
True
Does 37 divide 22202?
False
Is 29840 a multiple of 40?
True
Is 126 a factor of 4788?
True
Is 4556 a multiple of 34?
True
Is 213 a multiple of 4?
False
Is 13632 a multiple of 71?
True
Does 57 divide 1140?
True
Is 297 a multiple of 27?
True
Is 17 a factor of 37536?
True
Is 407 a multiple of 51?
False
Does 21 divide 1617?
True
Is 7 a factor of 390?
False
Does 32 divide 288?
True
Does 10 divide 322?
False
Is 63 even?
False
Is 44 a factor of 220?
True
Is 14 a factor of 64339?
False
Is 11 a factor of 7200?
False
Is 35 a factor of 315?
True
Does 3 divide 114?
True
Is 8526 a multiple of 29?
True
Does 184 divide 36432?
True
Does 41 divide 697?
True
Is 2001 a multiple of 2?
False
Is 41 a factor of 3690?
True
Is 14 a factor of 6651?
False
Is 5639 a multiple of 46?
False
Is 938 a multiple of 7?
True
Is 21 a factor of 1008?
True
Is 3798 a multiple of 31?
False
Is 6193 a multiple of 85?
False
Is 13 a factor of 9529?
True
Is 19 a factor of 893?
True
Is 6 a factor of 262?
False
Is 4727 a multiple of 29?
True
Does 40 divide 8120?
True
Is 26625 a multiple of 15?
True
Is 6 a factor of 49461?
False
Is 6237 a multiple of 16?
False
Is 67 a factor of 402?
True
Does 11 divide 922?
False
Does 20 divide 546?
False
Is 144 a multiple of 18?
True
Does 33 divide 3664?
False
Is 5255 a multiple of 6?
False
Is 3826 a multiple of 3?
False
Is 3 a factor of 405?
True
Does 39 divide 663?
True
Is 4 a factor of 310?
False
Is 448 a multiple of 7?
True
Is 18920 a multiple of 5?
True
Is 53 a factor of 265?
True
Is 1846 a multiple of 207?
False
Is 10 a factor of 13830?
True
Is 32 a factor of 7040?
True
Does 41 divide 14186?
True
Does 24 divide 912?
True
Does 21 divide 798?
True
Is 27 a factor of 32565?
False
Is 11 a factor of 3710?
False
Is 325 a multiple of 13?
True
Is 12 a factor of 7536?
True
Is 5010 a multiple of 6?
True
Is 28 a factor of 8070?
False
Is 1438 even?
True
Is 2409 a multiple of 73?
True
Does 42 divide 68794?
False
Is 5568 a multiple of 7?
False
Is 7508 a multiple of 10?
False
Is 10 a factor of 179?
False
Is 139 a factor of 12232?
True
Is 2016 a multiple of 32?
True
Is 1682 a multiple of 21?
False
Does 77 divide 56506?
False
Is 21296 a multiple of 22?
True
Is 365 a factor of 74197?
False
Is 102 a multiple of 8?
False
Is 2 a factor of 14?
True
Is 10 a factor of 640?
True
Is 21 a factor of 1071?
True
Is 266 a multiple of 38?
True
Does 66 divide 178?
False
Is 4110 a multiple of 5?
True
Is 15 a factor of 120?
True
Is 8070 a multiple of 30?
True
Is 9 a factor of 226?
False
Is 18 a factor of 1394?
False
Does 136 divide 512?
False
Does 22 divide 22299?
False
Is 5423 a multiple of 11?
True
Is 17 a factor of 1456?
False
Is 7 a factor of 11734?
False
Is 184 a multiple of 4?
True
Does 14 divide 532?
True
Is 16 a factor of 15616?
True
Does 46 divide 966?
True
Is 30 a factor of 1890?
True
Is 31036 a multiple of 29?
False
Is 6375 a multiple of 18?
False
Is 409 a multiple of 80?
False
Is 68593 a multiple of 149?
False
Is 14 a factor of 448?
True
Is 1253 a multiple of 14?
False
Does 68 divide 15686?
False
Is 65286 a multiple of 54?
True
Does 51 divide 2945?
False
Is 81 a factor of 8586?
True
Does 14 divide 2166?
False
Does 11 divide 7527?
False
Does 2 divide 517?
False
Is 3 a factor of 1957?
False
Is 22 a factor of 7810?
True
Does 29 divide 10556?
True
Is 103 a factor of 11282?
False
Is 3 a factor of 179?
False
Does 24 divide 4955?
False
Is 218 even?
True
Is 18 a factor of 3171?
False
Does 18 divide 471?
False
Is 125 a factor of 10724?
False
Is 805 a multiple of 7?
True
Is 12 a factor of 14505?
False
Does 14 divide 1680?
True
Is 6528 a multiple of 12?
True
Does 197 divide 504?
False
Does 41 divide 43619?
False
Is 6413 a multiple of 36?
False
Is 6 a factor of 23896?
False
Does 32 divide 352?
True
Does 92 divide 2116?
True
Does 30 divide 4741?
False
Is 12 a factor of 28701?
False
Is 33 a factor of 132?
True
Is 1676 a multiple of 16?
False
Does 18 divide 622?
False
Does 53 divide 4929?
True
Does 24 divide 2256?
True
Does 9 divide 2659?
False
Is 13 a factor of 31804?
False
Is 18 a factor of 1908?
True
Is 501 a multiple of 36?
False
Is 69 a factor of 560?
False
Is 22 a factor of 66?
True
Is 1020 a multiple of 5?
True
Does 281 divide 71140?
False
Is 608 a multiple of 19?
True
Does 6 divide 3372?
True
Is 18 a factor of 10956?
False
Is 21 a factor of 3276?
True
Is 2 a factor of 3077?
False
Is 31 a factor of 4030?
True
Does 79 divide 3002?
True
Does 48 divide 16308?
False
Is 2 a factor of 315?
False
Is 11 a multiple of 5?
False
Is 22837 a multiple of 41?
True
Is 9990 a multiple of 135?
True
Is 15572 a multiple of 17?
True
Is 1320 a multiple of 88?
True
Is 1290 a multiple of 43?
True
Is 1033 a multiple of 32?
False
Does 89 divide 22606?
True
Is 19530 a multiple of 9?
True
Is 12 a factor of 794?
False
Is 71 a factor of 22720?
True
Does 11 divide 1991?
True
Is 16085 a multiple of 4?
False
Does 171 divide 14936?
False
Is 7975 a multiple of 13?
False
Is 35 a factor of 25760?
True
Is 573 a multiple of 11?
False
Is 29949 a multiple of 67?
True
Is 400 a multiple of 10?
True
Does 119 divide 119?
True
Is 13114 a multiple of 62?
False
Does 19 divide 8797?
True
Is 8 a factor of 5360?
True
Does 181 divide 3801?
True
Is 29 a factor of 39?
False
Is 638 a multiple of 6?
False
Is 60 a factor of 26340?
True
Is 12879 a multiple of 27?
True
Is 84082 a multiple of 17?
True
Does 4 divide 1991?
False
Does 15 divide 5070?
True
Is 21838 a multiple of 358?
True
Is 1923 a multiple of 52?
False
Does 65 divide 229?
False
Is 15 a factor of 2055?
True
Does 44 divide 27588?
True
Does 104 divide 1144?
True
Is 7439 a multiple of 8?
False
Is 22 a factor of 849?
False
Is 4478 a multiple of 16?
False
Is 12 a factor of 65748?
True
Is 24 a factor of 15384?
True
Is 53 a factor of 477?
True
Is 4 a factor of 197?
False
Is 22 a factor of 70643?
False
Is 22880 a multiple of 8?
True
Does 20 divide 712?
False
Is 6 a factor of 39614?
False
Does 3 divide 2001?
True
Is 23108 a multiple of 20?
False
Does 51 divide 1224?
True
Is 12 a factor of 10369?
False
Is 2 a factor of 420?
True
Is 4 a factor of 2712?
True
Is 638 a multiple of 8?
False
Does 46 divide 40204?
True
Does 35 divide 3920?
True
Is 5922 a multiple of 14?
True
Is 152 a factor of 13832?
True
Is 39 a factor of 86655?
False
Does 29 divide 13577?
False
Is 3 a factor of 105?
True
Is 395 a factor of 88638?
False
Does 37 divide 2886?
True
Is 8664 a multiple of 30?
False
Is 56 a factor of 1288?
True
Is 256 a factor of 7507?
False
Does 6 divide 5076?
True
Is 33 a factor of 1056?
True
Is 302 a multiple of 4?
False
Is 53 a factor of 2555?
False
Is 18 a factor of 225?
False
Is 432 a multiple of 15?
False
Does 27 divide 27?
True
Is 1556 a multiple of 13?
False
Is 239 a multiple of 7?
False
Is 364 a multiple of 13?
True
Is 23 a factor of 4347?
True
Is 36 a factor of 2520?
True
Is 35 a factor of 110?
False
Is 33 a factor of 594?
True
Does 88 divide 9328?
True
Is 64610 a multiple of 13?
True
Does 34 divide 2108?
True
Does 9 divide 3942?
True
Is 170 a factor of 9520?
True
Is 3007 a multiple of 16?
False
Is 1691 a multiple of 2?
False
Is 204 a multiple of 4?
True
Does 56 divide 726?
False
Is 168 a multiple of 12?
True
Does 13 divide 637?
True
Is 545 a multiple of 12?
False
Is 6647 a multiple of 15?
False
Is 23 a factor of 14513?
True
Is 31 a factor of 1333?
True
Is 1166 a multiple of 106?
True
Is 2 a factor of 133?
False
Is 9 a factor of 1683?
True
Is 5 a factor of 30?
True
Does 188 divide 9964?
True
Does 4 divide 606?
False
Is 433 a multiple of 48?
False
Does 139 divide 82427?
True
Does 134 divide 11616?
False
Is 26 a factor of 676?
True
Is 33 a factor of 363?
True
Is 18882 a multiple of 210?
False
Is 116 a factor of 4292?
True
Does 22 divide 2992?
True
Does 78 divide 5304?
True
Is 450 a multiple of 10?
True
Is 38 a factor of 340?
False
Does